{"id":54,"date":"2021-11-17T08:33:11","date_gmt":"2021-11-17T07:33:11","guid":{"rendered":"http:\/\/www.lagrangeajean.fr\/?page_id=54"},"modified":"2026-08-13T18:29:17","modified_gmt":"2026-08-13T16:29:17","slug":"accueil","status":"publish","type":"page","link":"https:\/\/www.lagrangeajean.fr\/","title":{"rendered":"Accueil"},"content":{"rendered":"\n<p>La Grange \u00e0 Jean est une structure culturelle active depuis 2015. Une grange sert \u00e0 stocker la nourriture des animaux pour l\u2019hiver. <strong>La Grange \u00e0 Jean stocke des moments de partage et de plaisir \u00e0 se rem\u00e9morer \u00e0 chaque \u00e9tape sur le chemin de la vie. <\/strong>Le lieu est pluridisciplinaire et encore en \u00e9volution. Il pr\u00e9sente des activit\u00e9s culturelles\u00a0: une <a href=\"https:\/\/www.lagrangeajean.fr\/index.php\/naturevenements\/\">programmation<\/a> de spectacles (concerts, th\u00e9\u00e2tre &#8230;) et projections de films ou conf\u00e9rences chaque mois, qui devient hebdomadaire les mercredis soir en \u00e9t\u00e9.<\/p>\n\n\n\n<p>A la Grange \u00e0 Jean, la <strong>ferme Collective de la Licorne (bio)<\/strong> et son collectif de 5 paysans installe son march\u00e9 paysan deux fois par semaine les mercredis soir et samedi matin. Le fournil de la ferme y est aussi bas\u00e9 et le terrain de mara\u00eechage ainsi que l&rsquo;activit\u00e9 laiti\u00e8re se situe \u00e0 moins de 5 minutes de la Grange. Le collectif agricole fournit les produits pour la restauration g\u00e9r\u00e9e par les b\u00e9n\u00e9voles lors des \u00e9v\u00e8nements.<\/p>\n\n\n\n<p>Cet espace culturel est situ\u00e9 \u00e0 P\u00e9raclos (Chouvigny, 03450), dans les Gorges de la Sioule, lieu de fronti\u00e8re entre l\u2019Allier et le Puy de D\u00f4me. Ainsi, la rivi\u00e8re, comme La Grange \u00e0 Jean, lient les populations du Val de Sioule.<\/p>\n\n\n\n<p>La Ferme Collective de la Licorne, pour la partie agricole et l\u2019association \u00abGrange \u00e0 Jean\u00bb pour la partie culturelle, constituent une <strong>ferme agri-culturelle<\/strong> et permet d\u2019unifier l\u2019espace et de regrouper les multiples activit\u00e9s de la Grange.<\/p>\n\n\n\n<p><iframe src=\"https:\/\/www.google.com\/maps\/embed?pb=!1m18!1m12!1m3!1d17873.084633630977!2d3.007430093761729!3d46.104801004155185!2m3!1f0!2f0!3f0!3m2!1i1024!2i768!4f13.1!3m3!1m2!1s0x47f733b697bc6b2d%3A0x765b5d6e737c9352!2sLa%20Grange%20%C3%A0%20Jean!5e0!3m2!1sfr!2sfr!4v1687178727517!5m2!1sfr!2sfr\" width=\"600\" height=\"450\" style=\"border:0;\" allowfullscreen=\"\" loading=\"lazy\" referrerpolicy=\"no-referrer-when-downgrade\"><\/iframe><\/p>\n\n\n\n<figure class=\"wp-block-embed is-type-video is-provider-youtube wp-block-embed-youtube wp-embed-aspect-16-9 wp-has-aspect-ratio\"><div class=\"wp-block-embed__wrapper\">\n<iframe loading=\"lazy\" title=\"GAEC de la Licorne\" width=\"525\" height=\"295\" src=\"https:\/\/www.youtube.com\/embed\/tzqq5X4ZUdQ?feature=oembed\" frameborder=\"0\" allow=\"accelerometer; autoplay; clipboard-write; encrypted-media; gyroscope; picture-in-picture; web-share\" referrerpolicy=\"strict-origin-when-cross-origin\" allowfullscreen><\/iframe>\n<\/div><figcaption class=\"wp-element-caption\">GAEC de la Licorne &amp; Grange \u00e0 Jean 2023, Vid\u00e9o de Maelle Hissette, wwoofeuse sur la ferme<\/figcaption><\/figure>\n","protected":false},"excerpt":{"rendered":"<p>La Grange \u00e0 Jean est une structure culturelle active depuis 2015. Une grange sert \u00e0 stocker la nourriture des animaux pour l\u2019hiver. La Grange \u00e0 Jean stocke des moments de partage et de plaisir \u00e0 se rem\u00e9morer \u00e0 chaque \u00e9tape sur le chemin de la vie. Le lieu est pluridisciplinaire et encore en \u00e9volution. Il &hellip; <\/p>\n<p class=\"link-more\"><a href=\"https:\/\/www.lagrangeajean.fr\/\" class=\"more-link\">Continuer la lecture<span class=\"screen-reader-text\"> de &laquo;&nbsp;Accueil&nbsp;&raquo;<\/span><\/a><\/p>\n","protected":false},"author":1,"featured_media":0,"parent":0,"menu_order":0,"comment_status":"closed","ping_status":"closed","template":"","meta":{"footnotes":""},"class_list":["post-54","page","type-page","status-publish","hentry"],"_links":{"self":[{"href":"https:\/\/www.lagrangeajean.fr\/index.php\/wp-json\/wp\/v2\/pages\/54","targetHints":{"allow":["GET"]}}],"collection":[{"href":"https:\/\/www.lagrangeajean.fr\/index.php\/wp-json\/wp\/v2\/pages"}],"about":[{"href":"https:\/\/www.lagrangeajean.fr\/index.php\/wp-json\/wp\/v2\/types\/page"}],"author":[{"embeddable":true,"href":"https:\/\/www.lagrangeajean.fr\/index.php\/wp-json\/wp\/v2\/users\/1"}],"replies":[{"embeddable":true,"href":"https:\/\/www.lagrangeajean.fr\/index.php\/wp-json\/wp\/v2\/comments?post=54"}],"version-history":[{"count":17,"href":"https:\/\/www.lagrangeajean.fr\/index.php\/wp-json\/wp\/v2\/pages\/54\/revisions"}],"predecessor-version":[{"id":606,"href":"https:\/\/www.lagrangeajean.fr\/index.php\/wp-json\/wp\/v2\/pages\/54\/revisions\/606"}],"wp:attachment":[{"href":"https:\/\/www.lagrangeajean.fr\/index.php\/wp-json\/wp\/v2\/media?parent=54"}],"curies":[{"name":"wp","href":"https:\/\/api.w.org\/{rel}","templated":true}]}}

<p>La Grange à Jean est une structure culturelle active depuis 2015. Une grange sert à stocker la nourriture des animaux pour l’hiver. <strong>La Grange à Jean stocke des moments de partage et de plaisir à se remémorer à chaque étape sur le chemin de la vie. </strong>Le lieu est pluridisciplinaire et encore en évolution. Il présente des activités culturelles : une <a href="https://www.lagrangeajean.fr/index.php/naturevenements/">programmation</a> de spectacles (concerts, théâtre &#8230;) et projections de films ou conférences chaque mois, qui devient hebdomadaire les mercredis soir en été.</p>



<p>A la Grange à Jean, la <strong>ferme Collective de la Licorne (bio)</strong> et son collectif de 5 paysans installe son marché paysan deux fois par semaine les mercredis soir et samedi matin. Le fournil de la ferme y est aussi basé et le terrain de maraîchage ainsi que l&rsquo;activité laitière se situe à moins de 5 minutes de la Grange. Le collectif agricole fournit les produits pour la restauration gérée par les bénévoles lors des évènements.</p>



<p>Cet espace culturel est situé à Péraclos (Chouvigny, 03450), dans les Gorges de la Sioule, lieu de frontière entre l’Allier et le Puy de Dôme. Ainsi, la rivière, comme La Grange à Jean, lient les populations du Val de Sioule.</p>



<p>La Ferme Collective de la Licorne, pour la partie agricole et l’association «Grange à Jean» pour la partie culturelle, constituent une <strong>ferme agri-culturelle</strong> et permet d’unifier l’espace et de regrouper les multiples activités de la Grange.</p>



<p><iframe src="https://www.google.com/maps/embed?pb=!1m18!1m12!1m3!1d17873.084633630977!2d3.007430093761729!3d46.104801004155185!2m3!1f0!2f0!3f0!3m2!1i1024!2i768!4f13.1!3m3!1m2!1s0x47f733b697bc6b2d%3A0x765b5d6e737c9352!2sLa%20Grange%20%C3%A0%20Jean!5e0!3m2!1sfr!2sfr!4v1687178727517!5m2!1sfr!2sfr" width="600" height="450" style="border:0;" allowfullscreen="" loading="lazy" referrerpolicy="no-referrer-when-downgrade"></iframe></p>



<figure class="wp-block-embed is-type-video is-provider-youtube wp-block-embed-youtube wp-embed-aspect-16-9 wp-has-aspect-ratio"><div class="wp-block-embed__wrapper">
<iframe loading="lazy" title="GAEC de la Licorne" width="525" height="295" src="https://www.youtube.com/embed/tzqq5X4ZUdQ?feature=oembed" frameborder="0" allow="accelerometer; autoplay; clipboard-write; encrypted-media; gyroscope; picture-in-picture; web-share" referrerpolicy="strict-origin-when-cross-origin" allowfullscreen></iframe>
</div><figcaption class="wp-element-caption">GAEC de la Licorne &amp; Grange à Jean 2023, Vidéo de Maelle Hissette, wwoofeuse sur la ferme</figcaption></figure>

<p>La Grange à Jean est une structure culturelle active depuis 2015. Une grange sert à stocker la nourriture des animaux pour l’hiver. La Grange à Jean stocke des moments de partage et de plaisir à se remémorer à chaque étape sur le chemin de la vie. Le lieu est pluridisciplinaire et encore en évolution. Il &hellip; </p>
<p class="link-more"><a href="https://www.lagrangeajean.fr/" class="more-link">Continuer la lecture<span class="screen-reader-text"> de &laquo;&nbsp;Accueil&nbsp;&raquo;</span></a></p>
