{"id":46,"date":"2021-11-17T08:22:32","date_gmt":"2021-11-17T07:22:32","guid":{"rendered":"http:\/\/www.lagrangeajean.fr\/?page_id=46"},"modified":"2025-12-15T18:12:07","modified_gmt":"2025-12-15T17:12:07","slug":"collectif-agricole-de-la-licorne","status":"publish","type":"page","link":"https:\/\/www.lagrangeajean.fr\/index.php\/collectif-agricole-de-la-licorne\/","title":{"rendered":"Ferme collective de la Licorne"},"content":{"rendered":"<div class=\"wp-block-image\">\n<figure class=\"alignleft size-full is-resized\"><img loading=\"lazy\" decoding=\"async\" width=\"960\" height=\"960\" src=\"https:\/\/www.lagrangeajean.fr\/wp-content\/uploads\/2025\/03\/LOGO-LICORNE.jpeg\" alt=\"\" class=\"wp-image-488\" style=\"width:292px;height:auto\" srcset=\"https:\/\/www.lagrangeajean.fr\/wp-content\/uploads\/2025\/03\/LOGO-LICORNE.jpeg 960w, https:\/\/www.lagrangeajean.fr\/wp-content\/uploads\/2025\/03\/LOGO-LICORNE-300x300.jpeg 300w, https:\/\/www.lagrangeajean.fr\/wp-content\/uploads\/2025\/03\/LOGO-LICORNE-150x150.jpeg 150w, https:\/\/www.lagrangeajean.fr\/wp-content\/uploads\/2025\/03\/LOGO-LICORNE-768x768.jpeg 768w, https:\/\/www.lagrangeajean.fr\/wp-content\/uploads\/2025\/03\/LOGO-LICORNE-100x100.jpeg 100w\" sizes=\"auto, (max-width: 706px) 89vw, (max-width: 767px) 82vw, 740px\" \/><\/figure>\n<\/div>\n\n\n<p>Contact : gaecdelalicorne03@gmail.com <\/p>\n\n\n\n<p>Nous sommes une ferme collective de 5 paysan.es, en agriculture biologique, produisant des l\u00e9gumes, des produits laitiers (fromages, beurre, cr\u00e8me\u2026), de la viande, et du pain paysan au levain. <\/p>\n\n\n\n<p>Les march\u00e9s partag\u00e9s de La Grange \u00e0 Jean sont organis\u00e9s par la ferme de la Licorne.<\/p>\n\n\n\n<p><\/p>\n\n\n\n<p><strong>NOS POINTS DE VENTE<\/strong><\/p>\n\n\n\n<p><strong>CHOUVIGNY<\/strong> <strong>.<\/strong> <strong>MARCH\u00c9 \u00c0 LA FERME <\/strong> ~ L\u00e9gumes de saison, pain paysan, produits laitiers de vache et occasionnellement viande et charcuterie<br>Mercredi 17h \u2013 19h &amp; Samedi 10h \u2013 12h (octobre \u00e0 avril) et 9h-12h (mai \u00e0 septembre)<br>La Grange \u00e0 Jean, Lieu-dit P\u00e9raclos, 03450 Chouvigny<\/p>\n\n\n\n<p><strong>BELLENAVES . \u00c9PICERIE AUTOG\u00c9R\u00c9E LE BON PLAN <\/strong> ~ d\u00e9p\u00f4ts de paniers fermiers (L\u00e9gumes de saison, pain paysan, produits laitiers de vache)<br>Mercredi 17h (sur r\u00e9servation nous contacter par mail pour plus d&rsquo;infos)<br>rue Bertin, 03330 Bellenaves<\/p>\n\n\n\n<p><strong>CHANTELLE . CAF\u00c9 ASSOCIATIF BABAYAGA<\/strong>  ~ d\u00e9p\u00f4ts de paniers fermiers (L\u00e9gumes de saison, pain paysan, produits laitiers de vache)<br>Mercredi entre 17h30 &amp; 18h (sur r\u00e9servation, nous contacter par mail pour plus d&rsquo;infos)<br>5, rue de la R\u00e9publique, 03140 Chantelle<\/p>\n\n\n\n<p><strong>CHANTELLE . MARCH<strong>\u00c9<\/strong> NOCTURNE  ~<\/strong> l\u00e9gumes, produits laitiers, pain paysan<br>Mercredi 18h30-19h30, place de la Lib\u00e9ration Chantelle<\/p>\n\n\n\n<p><strong>GANNAT .<\/strong> <strong>AMAP  <\/strong>(Association pour la Maintien de l&rsquo;Agriculture Paysanne)  ~ L\u00e9gumes &amp; pain paysan Vendredi 18h30 &#8211; 19h30 <br>Ch\u00e2teau de Langlard, 03800 Mazerier<br><a href=\"https:\/\/amapdegannat.ouvaton.org\/\">https:\/\/amapdegannat.ouvaton.org\/<\/a><\/p>\n\n\n\n<p><strong>EBREUIL . MAGASIN de PRODUCTEURS<\/strong>  ~ Pain paysan &amp; produits laitiers de vache<br>Mercredi 16h-19h, Jeudi et Samedi 9h &#8211; 12h30<br>3, rue du March\u00e9, 03450 Ebreuil (\u00e0 c\u00f4t\u00e9 de la m\u00e9diath\u00e8que)<\/p>\n\n\n\n<p><strong>VICHY . GRAND MARCH\u00c9 COUVERT<\/strong><br>L\u00e9gumes de saison, pain paysan, produits laitiers de vache                                                                           et occasionnellement viande et charcuterie                                                                                                                  Samedi 7h &#8211; 13h .   Place Pierre Victor L\u00e9ger, 03200 Vichy<\/p>\n\n\n\n<p><strong>VICHY . AMAP<\/strong> (Association pour la Maintien de l&rsquo;Agriculture Paysanne)  ~ Pain paysan &amp; produits laitiers de vache<br>Jeudi: 17h30 \u00e0 18h45 . Kathy Boutik, place de la R\u00e9publique, 03300 Cusset<br><a href=\"https:\/\/www.amapvichy.org\/\">https:\/\/www.amapvichy.org\/<\/a><\/p>\n\n\n\n<p><strong>VICHY . BIOCOOP<\/strong>  ~ Pain paysan et produits laitiers<br>Jeudi \u00e0 partir de 16h . 5 Av. Fernand Auberger, 03700 Bellerive-sur-Allier<br><\/p>\n\n\n\n<p><strong>CUSSET . MARCH<strong>\u00c9<\/strong> de plein air<\/strong>  ~  pain paysan, l\u00e9gumes de saison et produits laitiers<br>Samedi 8h &#8211; 13h . Cours Lafayette, 03300 Cusset<\/p>\n\n\n\n<p><\/p>\n\n\n\n<figure class=\"wp-block-gallery has-nested-images columns-default is-cropped wp-block-gallery-1 is-layout-flex wp-block-gallery-is-layout-flex\">\n<figure class=\"wp-block-image size-large\"><img loading=\"lazy\" decoding=\"async\" width=\"683\" height=\"1024\" data-id=\"127\" src=\"https:\/\/www.lagrangeajean.fr\/wp-content\/uploads\/2023\/06\/309620035_467747078709063_6107844333977081722_n-683x1024.jpg\" alt=\"\" class=\"wp-image-127\" srcset=\"https:\/\/www.lagrangeajean.fr\/wp-content\/uploads\/2023\/06\/309620035_467747078709063_6107844333977081722_n-683x1024.jpg 683w, https:\/\/www.lagrangeajean.fr\/wp-content\/uploads\/2023\/06\/309620035_467747078709063_6107844333977081722_n-200x300.jpg 200w, https:\/\/www.lagrangeajean.fr\/wp-content\/uploads\/2023\/06\/309620035_467747078709063_6107844333977081722_n-768x1152.jpg 768w, https:\/\/www.lagrangeajean.fr\/wp-content\/uploads\/2023\/06\/309620035_467747078709063_6107844333977081722_n-1024x1536.jpg 1024w, https:\/\/www.lagrangeajean.fr\/wp-content\/uploads\/2023\/06\/309620035_467747078709063_6107844333977081722_n.jpg 1365w\" sizes=\"auto, (max-width: 683px) 100vw, 683px\" \/><\/figure>\n\n\n\n<figure class=\"wp-block-image size-large\"><img loading=\"lazy\" decoding=\"async\" width=\"576\" height=\"1024\" data-id=\"126\" src=\"https:\/\/www.lagrangeajean.fr\/wp-content\/uploads\/2023\/06\/241622000_362898425563160_6122442092262647824_n-576x1024.jpg\" alt=\"\" class=\"wp-image-126\" srcset=\"https:\/\/www.lagrangeajean.fr\/wp-content\/uploads\/2023\/06\/241622000_362898425563160_6122442092262647824_n-576x1024.jpg 576w, https:\/\/www.lagrangeajean.fr\/wp-content\/uploads\/2023\/06\/241622000_362898425563160_6122442092262647824_n-169x300.jpg 169w, https:\/\/www.lagrangeajean.fr\/wp-content\/uploads\/2023\/06\/241622000_362898425563160_6122442092262647824_n-768x1366.jpg 768w, https:\/\/www.lagrangeajean.fr\/wp-content\/uploads\/2023\/06\/241622000_362898425563160_6122442092262647824_n-864x1536.jpg 864w, https:\/\/www.lagrangeajean.fr\/wp-content\/uploads\/2023\/06\/241622000_362898425563160_6122442092262647824_n.jpg 1120w\" sizes=\"auto, (max-width: 576px) 100vw, 576px\" \/><\/figure>\n\n\n\n<figure class=\"wp-block-image size-large\"><img loading=\"lazy\" decoding=\"async\" width=\"1024\" height=\"769\" data-id=\"123\" src=\"https:\/\/www.lagrangeajean.fr\/wp-content\/uploads\/2023\/06\/285353404_533414978511503_3527516936587538410_n-1024x769.jpg\" alt=\"\" class=\"wp-image-123\" srcset=\"https:\/\/www.lagrangeajean.fr\/wp-content\/uploads\/2023\/06\/285353404_533414978511503_3527516936587538410_n-1024x769.jpg 1024w, https:\/\/www.lagrangeajean.fr\/wp-content\/uploads\/2023\/06\/285353404_533414978511503_3527516936587538410_n-300x225.jpg 300w, https:\/\/www.lagrangeajean.fr\/wp-content\/uploads\/2023\/06\/285353404_533414978511503_3527516936587538410_n-768x577.jpg 768w, https:\/\/www.lagrangeajean.fr\/wp-content\/uploads\/2023\/06\/285353404_533414978511503_3527516936587538410_n-1536x1154.jpg 1536w, https:\/\/www.lagrangeajean.fr\/wp-content\/uploads\/2023\/06\/285353404_533414978511503_3527516936587538410_n.jpg 2048w\" sizes=\"auto, (max-width: 706px) 89vw, (max-width: 767px) 82vw, 740px\" \/><\/figure>\n\n\n\n<figure class=\"wp-block-image size-large\"><img loading=\"lazy\" decoding=\"async\" width=\"1024\" height=\"1024\" data-id=\"128\" src=\"https:\/\/www.lagrangeajean.fr\/wp-content\/uploads\/2023\/06\/272863906_455361902983478_306944291914669504_n-1024x1024.jpg\" alt=\"\" class=\"wp-image-128\" srcset=\"https:\/\/www.lagrangeajean.fr\/wp-content\/uploads\/2023\/06\/272863906_455361902983478_306944291914669504_n-1024x1024.jpg 1024w, https:\/\/www.lagrangeajean.fr\/wp-content\/uploads\/2023\/06\/272863906_455361902983478_306944291914669504_n-300x300.jpg 300w, https:\/\/www.lagrangeajean.fr\/wp-content\/uploads\/2023\/06\/272863906_455361902983478_306944291914669504_n-150x150.jpg 150w, https:\/\/www.lagrangeajean.fr\/wp-content\/uploads\/2023\/06\/272863906_455361902983478_306944291914669504_n-768x768.jpg 768w, https:\/\/www.lagrangeajean.fr\/wp-content\/uploads\/2023\/06\/272863906_455361902983478_306944291914669504_n-100x100.jpg 100w, https:\/\/www.lagrangeajean.fr\/wp-content\/uploads\/2023\/06\/272863906_455361902983478_306944291914669504_n.jpg 1525w\" sizes=\"auto, (max-width: 706px) 89vw, (max-width: 767px) 82vw, 740px\" \/><\/figure>\n\n\n\n<figure class=\"wp-block-image size-large\"><img loading=\"lazy\" decoding=\"async\" width=\"1024\" height=\"581\" data-id=\"121\" src=\"https:\/\/www.lagrangeajean.fr\/wp-content\/uploads\/2023\/06\/281632208_523632712823063_4494773184562728545_n-1024x581.jpg\" alt=\"\" class=\"wp-image-121\" srcset=\"https:\/\/www.lagrangeajean.fr\/wp-content\/uploads\/2023\/06\/281632208_523632712823063_4494773184562728545_n-1024x581.jpg 1024w, https:\/\/www.lagrangeajean.fr\/wp-content\/uploads\/2023\/06\/281632208_523632712823063_4494773184562728545_n-300x170.jpg 300w, https:\/\/www.lagrangeajean.fr\/wp-content\/uploads\/2023\/06\/281632208_523632712823063_4494773184562728545_n-768x436.jpg 768w, https:\/\/www.lagrangeajean.fr\/wp-content\/uploads\/2023\/06\/281632208_523632712823063_4494773184562728545_n.jpg 1099w\" sizes=\"auto, (max-width: 706px) 89vw, (max-width: 767px) 82vw, 740px\" \/><\/figure>\n\n\n\n<figure class=\"wp-block-image size-full\"><img loading=\"lazy\" decoding=\"async\" width=\"1058\" height=\"1497\" data-id=\"558\" src=\"https:\/\/www.lagrangeajean.fr\/wp-content\/uploads\/2025\/12\/visuel-marche-mercredisamedi-pdf.jpg\" alt=\"\" class=\"wp-image-558\"\/><\/figure>\n\n\n\n<figure class=\"wp-block-image size-large\"><img loading=\"lazy\" decoding=\"async\" width=\"1024\" height=\"455\" data-id=\"125\" src=\"https:\/\/www.lagrangeajean.fr\/wp-content\/uploads\/2023\/06\/278603586_509795964206738_8009039382501520132_n-1024x455.jpg\" alt=\"\" class=\"wp-image-125\" srcset=\"https:\/\/www.lagrangeajean.fr\/wp-content\/uploads\/2023\/06\/278603586_509795964206738_8009039382501520132_n-1024x455.jpg 1024w, https:\/\/www.lagrangeajean.fr\/wp-content\/uploads\/2023\/06\/278603586_509795964206738_8009039382501520132_n-300x133.jpg 300w, https:\/\/www.lagrangeajean.fr\/wp-content\/uploads\/2023\/06\/278603586_509795964206738_8009039382501520132_n-768x342.jpg 768w, https:\/\/www.lagrangeajean.fr\/wp-content\/uploads\/2023\/06\/278603586_509795964206738_8009039382501520132_n-1536x683.jpg 1536w, https:\/\/www.lagrangeajean.fr\/wp-content\/uploads\/2023\/06\/278603586_509795964206738_8009039382501520132_n.jpg 1857w\" sizes=\"auto, (max-width: 706px) 89vw, (max-width: 767px) 82vw, 740px\" \/><\/figure>\n\n\n\n<figure class=\"wp-block-image size-large\"><img loading=\"lazy\" decoding=\"async\" width=\"1024\" height=\"768\" data-id=\"124\" src=\"https:\/\/www.lagrangeajean.fr\/wp-content\/uploads\/2023\/06\/329608963_1183860135652057_7085238203805262752_n-1024x768.jpg\" alt=\"\" class=\"wp-image-124\" srcset=\"https:\/\/www.lagrangeajean.fr\/wp-content\/uploads\/2023\/06\/329608963_1183860135652057_7085238203805262752_n-1024x768.jpg 1024w, https:\/\/www.lagrangeajean.fr\/wp-content\/uploads\/2023\/06\/329608963_1183860135652057_7085238203805262752_n-300x225.jpg 300w, https:\/\/www.lagrangeajean.fr\/wp-content\/uploads\/2023\/06\/329608963_1183860135652057_7085238203805262752_n-768x576.jpg 768w, https:\/\/www.lagrangeajean.fr\/wp-content\/uploads\/2023\/06\/329608963_1183860135652057_7085238203805262752_n-1536x1152.jpg 1536w, https:\/\/www.lagrangeajean.fr\/wp-content\/uploads\/2023\/06\/329608963_1183860135652057_7085238203805262752_n.jpg 2048w\" sizes=\"auto, (max-width: 706px) 89vw, (max-width: 767px) 82vw, 740px\" \/><\/figure>\n<\/figure>\n\n\n\n<figure class=\"wp-block-image size-large\"><img loading=\"lazy\" decoding=\"async\" width=\"725\" height=\"1024\" src=\"https:\/\/www.lagrangeajean.fr\/wp-content\/uploads\/2025\/12\/FLYERS-lieuxvente-GAEC_3_page-0001-725x1024.jpg\" alt=\"\" class=\"wp-image-560\" srcset=\"https:\/\/www.lagrangeajean.fr\/wp-content\/uploads\/2025\/12\/FLYERS-lieuxvente-GAEC_3_page-0001-725x1024.jpg 725w, https:\/\/www.lagrangeajean.fr\/wp-content\/uploads\/2025\/12\/FLYERS-lieuxvente-GAEC_3_page-0001-212x300.jpg 212w, https:\/\/www.lagrangeajean.fr\/wp-content\/uploads\/2025\/12\/FLYERS-lieuxvente-GAEC_3_page-0001-768x1085.jpg 768w, https:\/\/www.lagrangeajean.fr\/wp-content\/uploads\/2025\/12\/FLYERS-lieuxvente-GAEC_3_page-0001-1087x1536.jpg 1087w, https:\/\/www.lagrangeajean.fr\/wp-content\/uploads\/2025\/12\/FLYERS-lieuxvente-GAEC_3_page-0001.jpg 1241w\" sizes=\"auto, (max-width: 725px) 100vw, 725px\" \/><\/figure>\n\n\n\n<p>ASSIETTE PAYSANNE<\/p>\n\n\n\n<p>Le collectif organise \u00e9galement un service de restauration \u00e0 La Grange \u00e0 Jean les soirs de spectacle :<\/p>\n\n\n\n<div class=\"wp-block-media-text is-stacked-on-mobile\"><figure class=\"wp-block-media-text__media\"><img loading=\"lazy\" decoding=\"async\" width=\"1024\" height=\"778\" src=\"https:\/\/www.lagrangeajean.fr\/wp-content\/uploads\/2024\/02\/affiche-hiver-grange-1-1-1024x778.png\" alt=\"\" class=\"wp-image-268 size-full\" srcset=\"https:\/\/www.lagrangeajean.fr\/wp-content\/uploads\/2024\/02\/affiche-hiver-grange-1-1-1024x778.png 1024w, https:\/\/www.lagrangeajean.fr\/wp-content\/uploads\/2024\/02\/affiche-hiver-grange-1-1-300x228.png 300w, https:\/\/www.lagrangeajean.fr\/wp-content\/uploads\/2024\/02\/affiche-hiver-grange-1-1-768x583.png 768w, https:\/\/www.lagrangeajean.fr\/wp-content\/uploads\/2024\/02\/affiche-hiver-grange-1-1.png 1414w\" sizes=\"auto, (max-width: 706px) 89vw, (max-width: 767px) 82vw, 740px\" \/><\/figure><div class=\"wp-block-media-text__content\">\n<p>Ferme de la Licorne, produits locaux et bio, cuisin\u00e9s sur place<\/p>\n\n\n\n<p><\/p>\n\n\n\n<p>16\u20ac (8\u20ac enfants moins de 12 ans)<\/p>\n\n\n\n<p>Servi avant chaque soir de spectacle<\/p>\n\n\n\n<p>Sur r\u00e9servation : 06.86.51.46.48<\/p>\n<\/div><\/div>\n\n\n\n<div class=\"wp-block-group is-vertical is-layout-flex wp-container-core-group-is-layout-8cf370e7 wp-block-group-is-layout-flex\"><\/div>\n\n\n\n<p><\/p>\n\n\n\n\n","protected":false},"excerpt":{"rendered":"<p>Contact : gaecdelalicorne03@gmail.com Nous sommes une ferme collective de 5 paysan.es, en agriculture biologique, produisant des l\u00e9gumes, des produits laitiers (fromages, beurre, cr\u00e8me\u2026), de la viande, et du pain paysan au levain. Les march\u00e9s partag\u00e9s de La Grange \u00e0 Jean sont organis\u00e9s par la ferme de la Licorne. NOS POINTS DE VENTE CHOUVIGNY . MARCH\u00c9 &hellip; <\/p>\n<p class=\"link-more\"><a href=\"https:\/\/www.lagrangeajean.fr\/index.php\/collectif-agricole-de-la-licorne\/\" class=\"more-link\">Continuer la lecture<span class=\"screen-reader-text\"> de &laquo;&nbsp;Ferme collective de la Licorne&nbsp;&raquo;<\/span><\/a><\/p>\n","protected":false},"author":1,"featured_media":0,"parent":0,"menu_order":0,"comment_status":"closed","ping_status":"closed","template":"","meta":{"footnotes":""},"class_list":["post-46","page","type-page","status-publish","hentry"],"_links":{"self":[{"href":"https:\/\/www.lagrangeajean.fr\/index.php\/wp-json\/wp\/v2\/pages\/46","targetHints":{"allow":["GET"]}}],"collection":[{"href":"https:\/\/www.lagrangeajean.fr\/index.php\/wp-json\/wp\/v2\/pages"}],"about":[{"href":"https:\/\/www.lagrangeajean.fr\/index.php\/wp-json\/wp\/v2\/types\/page"}],"author":[{"embeddable":true,"href":"https:\/\/www.lagrangeajean.fr\/index.php\/wp-json\/wp\/v2\/users\/1"}],"replies":[{"embeddable":true,"href":"https:\/\/www.lagrangeajean.fr\/index.php\/wp-json\/wp\/v2\/comments?post=46"}],"version-history":[{"count":35,"href":"https:\/\/www.lagrangeajean.fr\/index.php\/wp-json\/wp\/v2\/pages\/46\/revisions"}],"predecessor-version":[{"id":561,"href":"https:\/\/www.lagrangeajean.fr\/index.php\/wp-json\/wp\/v2\/pages\/46\/revisions\/561"}],"wp:attachment":[{"href":"https:\/\/www.lagrangeajean.fr\/index.php\/wp-json\/wp\/v2\/media?parent=46"}],"curies":[{"name":"wp","href":"https:\/\/api.w.org\/{rel}","templated":true}]}}