{"id":282,"date":"2024-02-28T16:12:58","date_gmt":"2024-02-28T15:12:58","guid":{"rendered":"https:\/\/www.lagrangeajean.fr\/?page_id=282"},"modified":"2025-01-29T15:31:44","modified_gmt":"2025-01-29T14:31:44","slug":"fromagerie","status":"publish","type":"page","link":"https:\/\/www.lagrangeajean.fr\/index.php\/fromagerie\/","title":{"rendered":"Fromagerie"},"content":{"rendered":"\n<p>L&rsquo;activit\u00e9 de<strong> transformation laiti\u00e8re<\/strong> est le prolongement naturel de notre activit\u00e9 d&rsquo;\u00e9levage. Travaillant \u00e0 petite \u00e9chelle, nous privil\u00e9gions la qualit\u00e9 et le respect de la nature \u00e0 chaque \u00e9tape de la production. Nos<strong> fromages frais et affin\u00e9s<\/strong>, \u00e9labor\u00e9s \u00e0 partir du <strong>lait cru <\/strong>de nos <strong>vaches \u00e9lev\u00e9es en agriculture biologique<\/strong>, sont le reflet de notre engagement pour une agriculture durable et authentique. Nous produisons \u00e9galement de la <strong>cr\u00e8me fra\u00eeche, du fromage blanc ainsi que du beurre<\/strong> ; tous les produits \u00e9tant au lait cru.<\/p>\n\n\n\n<figure class=\"wp-block-gallery has-nested-images columns-default is-cropped wp-block-gallery-1 is-layout-flex wp-block-gallery-is-layout-flex\">\n<figure class=\"wp-block-image size-large\"><img loading=\"lazy\" decoding=\"async\" width=\"1024\" height=\"768\" data-id=\"380\" src=\"https:\/\/www.lagrangeajean.fr\/wp-content\/uploads\/2024\/07\/IMG-20240611-WA0224-1024x768.jpg\" alt=\"\" class=\"wp-image-380\" srcset=\"https:\/\/www.lagrangeajean.fr\/wp-content\/uploads\/2024\/07\/IMG-20240611-WA0224-1024x768.jpg 1024w, https:\/\/www.lagrangeajean.fr\/wp-content\/uploads\/2024\/07\/IMG-20240611-WA0224-300x225.jpg 300w, https:\/\/www.lagrangeajean.fr\/wp-content\/uploads\/2024\/07\/IMG-20240611-WA0224-768x576.jpg 768w, https:\/\/www.lagrangeajean.fr\/wp-content\/uploads\/2024\/07\/IMG-20240611-WA0224-1536x1152.jpg 1536w, https:\/\/www.lagrangeajean.fr\/wp-content\/uploads\/2024\/07\/IMG-20240611-WA0224.jpg 2048w\" sizes=\"auto, (max-width: 706px) 89vw, (max-width: 767px) 82vw, 740px\" \/><\/figure>\n\n\n\n<figure class=\"wp-block-image size-large\"><img loading=\"lazy\" decoding=\"async\" width=\"1024\" height=\"768\" data-id=\"382\" src=\"https:\/\/www.lagrangeajean.fr\/wp-content\/uploads\/2024\/07\/IMG-20240611-WA0227-1024x768.jpg\" alt=\"\" class=\"wp-image-382\" srcset=\"https:\/\/www.lagrangeajean.fr\/wp-content\/uploads\/2024\/07\/IMG-20240611-WA0227-1024x768.jpg 1024w, https:\/\/www.lagrangeajean.fr\/wp-content\/uploads\/2024\/07\/IMG-20240611-WA0227-300x225.jpg 300w, https:\/\/www.lagrangeajean.fr\/wp-content\/uploads\/2024\/07\/IMG-20240611-WA0227-768x576.jpg 768w, https:\/\/www.lagrangeajean.fr\/wp-content\/uploads\/2024\/07\/IMG-20240611-WA0227-1536x1152.jpg 1536w, https:\/\/www.lagrangeajean.fr\/wp-content\/uploads\/2024\/07\/IMG-20240611-WA0227.jpg 2048w\" sizes=\"auto, (max-width: 706px) 89vw, (max-width: 767px) 82vw, 740px\" \/><\/figure>\n\n\n\n<figure class=\"wp-block-image size-large\"><img loading=\"lazy\" decoding=\"async\" width=\"1024\" height=\"768\" data-id=\"383\" src=\"https:\/\/www.lagrangeajean.fr\/wp-content\/uploads\/2024\/07\/IMG-20240611-WA0228-1024x768.jpg\" alt=\"\" class=\"wp-image-383\" srcset=\"https:\/\/www.lagrangeajean.fr\/wp-content\/uploads\/2024\/07\/IMG-20240611-WA0228-1024x768.jpg 1024w, https:\/\/www.lagrangeajean.fr\/wp-content\/uploads\/2024\/07\/IMG-20240611-WA0228-300x225.jpg 300w, https:\/\/www.lagrangeajean.fr\/wp-content\/uploads\/2024\/07\/IMG-20240611-WA0228-768x576.jpg 768w, https:\/\/www.lagrangeajean.fr\/wp-content\/uploads\/2024\/07\/IMG-20240611-WA0228-1536x1152.jpg 1536w, https:\/\/www.lagrangeajean.fr\/wp-content\/uploads\/2024\/07\/IMG-20240611-WA0228.jpg 2048w\" sizes=\"auto, (max-width: 706px) 89vw, (max-width: 767px) 82vw, 740px\" \/><\/figure>\n\n\n\n<figure class=\"wp-block-image size-large\"><img loading=\"lazy\" decoding=\"async\" width=\"1024\" height=\"768\" data-id=\"381\" src=\"https:\/\/www.lagrangeajean.fr\/wp-content\/uploads\/2024\/07\/IMG-20240611-WA0092-1024x768.jpg\" alt=\"\" class=\"wp-image-381\" srcset=\"https:\/\/www.lagrangeajean.fr\/wp-content\/uploads\/2024\/07\/IMG-20240611-WA0092-1024x768.jpg 1024w, https:\/\/www.lagrangeajean.fr\/wp-content\/uploads\/2024\/07\/IMG-20240611-WA0092-300x225.jpg 300w, https:\/\/www.lagrangeajean.fr\/wp-content\/uploads\/2024\/07\/IMG-20240611-WA0092-768x576.jpg 768w, https:\/\/www.lagrangeajean.fr\/wp-content\/uploads\/2024\/07\/IMG-20240611-WA0092-1536x1152.jpg 1536w, https:\/\/www.lagrangeajean.fr\/wp-content\/uploads\/2024\/07\/IMG-20240611-WA0092.jpg 2048w\" sizes=\"auto, (max-width: 706px) 89vw, (max-width: 767px) 82vw, 740px\" \/><\/figure>\n<\/figure>\n\n\n\n<blockquote class=\"wp-block-quote is-layout-flow wp-block-quote-is-layout-flow\">\n<p><\/p>\n<\/blockquote>\n","protected":false},"excerpt":{"rendered":"<p>L&rsquo;activit\u00e9 de transformation laiti\u00e8re est le prolongement naturel de notre activit\u00e9 d&rsquo;\u00e9levage. Travaillant \u00e0 petite \u00e9chelle, nous privil\u00e9gions la qualit\u00e9 et le respect de la nature \u00e0 chaque \u00e9tape de la production. Nos fromages frais et affin\u00e9s, \u00e9labor\u00e9s \u00e0 partir du lait cru de nos vaches \u00e9lev\u00e9es en agriculture biologique, sont le reflet de notre &hellip; <\/p>\n<p class=\"link-more\"><a href=\"https:\/\/www.lagrangeajean.fr\/index.php\/fromagerie\/\" class=\"more-link\">Continuer la lecture<span class=\"screen-reader-text\"> de &laquo;&nbsp;Fromagerie&nbsp;&raquo;<\/span><\/a><\/p>\n","protected":false},"author":1,"featured_media":0,"parent":0,"menu_order":0,"comment_status":"closed","ping_status":"closed","template":"","meta":{"footnotes":""},"class_list":["post-282","page","type-page","status-publish","hentry"],"_links":{"self":[{"href":"https:\/\/www.lagrangeajean.fr\/index.php\/wp-json\/wp\/v2\/pages\/282","targetHints":{"allow":["GET"]}}],"collection":[{"href":"https:\/\/www.lagrangeajean.fr\/index.php\/wp-json\/wp\/v2\/pages"}],"about":[{"href":"https:\/\/www.lagrangeajean.fr\/index.php\/wp-json\/wp\/v2\/types\/page"}],"author":[{"embeddable":true,"href":"https:\/\/www.lagrangeajean.fr\/index.php\/wp-json\/wp\/v2\/users\/1"}],"replies":[{"embeddable":true,"href":"https:\/\/www.lagrangeajean.fr\/index.php\/wp-json\/wp\/v2\/comments?post=282"}],"version-history":[{"count":6,"href":"https:\/\/www.lagrangeajean.fr\/index.php\/wp-json\/wp\/v2\/pages\/282\/revisions"}],"predecessor-version":[{"id":476,"href":"https:\/\/www.lagrangeajean.fr\/index.php\/wp-json\/wp\/v2\/pages\/282\/revisions\/476"}],"wp:attachment":[{"href":"https:\/\/www.lagrangeajean.fr\/index.php\/wp-json\/wp\/v2\/media?parent=282"}],"curies":[{"name":"wp","href":"https:\/\/api.w.org\/{rel}","templated":true}]}}