{"id":280,"date":"2024-02-28T16:12:58","date_gmt":"2024-02-28T15:12:58","guid":{"rendered":"https:\/\/www.lagrangeajean.fr\/?page_id=280"},"modified":"2025-01-29T15:30:07","modified_gmt":"2025-01-29T14:30:07","slug":"boulangerie","status":"publish","type":"page","link":"https:\/\/www.lagrangeajean.fr\/index.php\/boulangerie\/","title":{"rendered":"Boulangerie"},"content":{"rendered":"\n<p>Dans notre atelier de <strong>boulangerie paysanne<\/strong>, le savoir-faire artisanal et le respect de la nature se rencontrent pour vous offrir un pain authentique et savoureux. Nous p\u00e9trissons \u00e0 la main nos <strong>pains au levain naturel<\/strong>, biologiques, <strong>trois jours par semaine <\/strong>(mercredi jeudi et vendredi ), dans notre fournil auto-construit. Nous travaillons sur pousse directe avec un <strong>four \u00e0 bois traditionnel<\/strong> en pierres et briques. Nos c\u00e9r\u00e9ales (bl\u00e9 ancien, seigle et petit \u00e9peautre) cultiv\u00e9es et moulues sur la ferme avec un <strong>moulin \u00e0 meule de pierre<\/strong> (type Astri\u00e9) garantissent notre autonomie et la qualit\u00e9 de notre farine.<\/p>\n\n\n\n<figure class=\"wp-block-gallery has-nested-images columns-default is-cropped wp-block-gallery-1 is-layout-flex wp-block-gallery-is-layout-flex\">\n<figure class=\"wp-block-image size-large\"><img loading=\"lazy\" decoding=\"async\" width=\"1024\" height=\"765\" data-id=\"366\" src=\"https:\/\/www.lagrangeajean.fr\/wp-content\/uploads\/2024\/07\/IMG-20240622-WA0005-1024x765.jpg\" alt=\"\" class=\"wp-image-366\" srcset=\"https:\/\/www.lagrangeajean.fr\/wp-content\/uploads\/2024\/07\/IMG-20240622-WA0005-1024x765.jpg 1024w, https:\/\/www.lagrangeajean.fr\/wp-content\/uploads\/2024\/07\/IMG-20240622-WA0005-300x224.jpg 300w, https:\/\/www.lagrangeajean.fr\/wp-content\/uploads\/2024\/07\/IMG-20240622-WA0005-768x574.jpg 768w, https:\/\/www.lagrangeajean.fr\/wp-content\/uploads\/2024\/07\/IMG-20240622-WA0005-1536x1148.jpg 1536w, https:\/\/www.lagrangeajean.fr\/wp-content\/uploads\/2024\/07\/IMG-20240622-WA0005.jpg 1600w\" sizes=\"auto, (max-width: 706px) 89vw, (max-width: 767px) 82vw, 740px\" \/><\/figure>\n\n\n\n<figure class=\"wp-block-image size-large\"><img loading=\"lazy\" decoding=\"async\" width=\"1024\" height=\"768\" data-id=\"368\" src=\"https:\/\/www.lagrangeajean.fr\/wp-content\/uploads\/2024\/07\/IMG-20240611-WA0018-1024x768.jpg\" alt=\"\" class=\"wp-image-368\" srcset=\"https:\/\/www.lagrangeajean.fr\/wp-content\/uploads\/2024\/07\/IMG-20240611-WA0018-1024x768.jpg 1024w, https:\/\/www.lagrangeajean.fr\/wp-content\/uploads\/2024\/07\/IMG-20240611-WA0018-300x225.jpg 300w, https:\/\/www.lagrangeajean.fr\/wp-content\/uploads\/2024\/07\/IMG-20240611-WA0018-768x576.jpg 768w, https:\/\/www.lagrangeajean.fr\/wp-content\/uploads\/2024\/07\/IMG-20240611-WA0018-1536x1152.jpg 1536w, https:\/\/www.lagrangeajean.fr\/wp-content\/uploads\/2024\/07\/IMG-20240611-WA0018.jpg 2048w\" sizes=\"auto, (max-width: 706px) 89vw, (max-width: 767px) 82vw, 740px\" \/><\/figure>\n\n\n\n<figure class=\"wp-block-image size-large\"><img loading=\"lazy\" decoding=\"async\" width=\"1024\" height=\"768\" data-id=\"367\" src=\"https:\/\/www.lagrangeajean.fr\/wp-content\/uploads\/2024\/07\/IMG-20240611-WA0021-1024x768.jpg\" alt=\"\" class=\"wp-image-367\" srcset=\"https:\/\/www.lagrangeajean.fr\/wp-content\/uploads\/2024\/07\/IMG-20240611-WA0021-1024x768.jpg 1024w, https:\/\/www.lagrangeajean.fr\/wp-content\/uploads\/2024\/07\/IMG-20240611-WA0021-300x225.jpg 300w, https:\/\/www.lagrangeajean.fr\/wp-content\/uploads\/2024\/07\/IMG-20240611-WA0021-768x576.jpg 768w, https:\/\/www.lagrangeajean.fr\/wp-content\/uploads\/2024\/07\/IMG-20240611-WA0021-1536x1152.jpg 1536w, https:\/\/www.lagrangeajean.fr\/wp-content\/uploads\/2024\/07\/IMG-20240611-WA0021.jpg 2048w\" sizes=\"auto, (max-width: 706px) 89vw, (max-width: 767px) 82vw, 740px\" \/><\/figure>\n\n\n\n<figure class=\"wp-block-image size-large\"><img loading=\"lazy\" decoding=\"async\" width=\"1024\" height=\"768\" data-id=\"370\" src=\"https:\/\/www.lagrangeajean.fr\/wp-content\/uploads\/2024\/07\/IMG-20240611-WA0048-1024x768.jpg\" alt=\"\" class=\"wp-image-370\" srcset=\"https:\/\/www.lagrangeajean.fr\/wp-content\/uploads\/2024\/07\/IMG-20240611-WA0048-1024x768.jpg 1024w, https:\/\/www.lagrangeajean.fr\/wp-content\/uploads\/2024\/07\/IMG-20240611-WA0048-300x225.jpg 300w, https:\/\/www.lagrangeajean.fr\/wp-content\/uploads\/2024\/07\/IMG-20240611-WA0048-768x576.jpg 768w, https:\/\/www.lagrangeajean.fr\/wp-content\/uploads\/2024\/07\/IMG-20240611-WA0048-1536x1152.jpg 1536w, https:\/\/www.lagrangeajean.fr\/wp-content\/uploads\/2024\/07\/IMG-20240611-WA0048.jpg 2048w\" sizes=\"auto, (max-width: 706px) 89vw, (max-width: 767px) 82vw, 740px\" \/><\/figure>\n\n\n\n<figure class=\"wp-block-image size-large\"><img loading=\"lazy\" decoding=\"async\" width=\"1024\" height=\"768\" data-id=\"371\" src=\"https:\/\/www.lagrangeajean.fr\/wp-content\/uploads\/2024\/07\/IMG-20240611-WA0063-1024x768.jpg\" alt=\"\" class=\"wp-image-371\" srcset=\"https:\/\/www.lagrangeajean.fr\/wp-content\/uploads\/2024\/07\/IMG-20240611-WA0063-1024x768.jpg 1024w, https:\/\/www.lagrangeajean.fr\/wp-content\/uploads\/2024\/07\/IMG-20240611-WA0063-300x225.jpg 300w, https:\/\/www.lagrangeajean.fr\/wp-content\/uploads\/2024\/07\/IMG-20240611-WA0063-768x576.jpg 768w, https:\/\/www.lagrangeajean.fr\/wp-content\/uploads\/2024\/07\/IMG-20240611-WA0063-1536x1152.jpg 1536w, https:\/\/www.lagrangeajean.fr\/wp-content\/uploads\/2024\/07\/IMG-20240611-WA0063.jpg 2048w\" sizes=\"auto, (max-width: 706px) 89vw, (max-width: 767px) 82vw, 740px\" \/><\/figure>\n\n\n\n<figure class=\"wp-block-image size-large\"><img loading=\"lazy\" decoding=\"async\" width=\"1024\" height=\"768\" data-id=\"372\" src=\"https:\/\/www.lagrangeajean.fr\/wp-content\/uploads\/2024\/07\/IMG-20240611-WA0132-1024x768.jpg\" alt=\"\" class=\"wp-image-372\" srcset=\"https:\/\/www.lagrangeajean.fr\/wp-content\/uploads\/2024\/07\/IMG-20240611-WA0132-1024x768.jpg 1024w, https:\/\/www.lagrangeajean.fr\/wp-content\/uploads\/2024\/07\/IMG-20240611-WA0132-300x225.jpg 300w, https:\/\/www.lagrangeajean.fr\/wp-content\/uploads\/2024\/07\/IMG-20240611-WA0132-768x576.jpg 768w, https:\/\/www.lagrangeajean.fr\/wp-content\/uploads\/2024\/07\/IMG-20240611-WA0132-1536x1152.jpg 1536w, https:\/\/www.lagrangeajean.fr\/wp-content\/uploads\/2024\/07\/IMG-20240611-WA0132.jpg 1600w\" sizes=\"auto, (max-width: 706px) 89vw, (max-width: 767px) 82vw, 740px\" \/><\/figure>\n<\/figure>\n","protected":false},"excerpt":{"rendered":"<p>Dans notre atelier de boulangerie paysanne, le savoir-faire artisanal et le respect de la nature se rencontrent pour vous offrir un pain authentique et savoureux. Nous p\u00e9trissons \u00e0 la main nos pains au levain naturel, biologiques, trois jours par semaine (mercredi jeudi et vendredi ), dans notre fournil auto-construit. Nous travaillons sur pousse directe avec &hellip; <\/p>\n<p class=\"link-more\"><a href=\"https:\/\/www.lagrangeajean.fr\/index.php\/boulangerie\/\" class=\"more-link\">Continuer la lecture<span class=\"screen-reader-text\"> de &laquo;&nbsp;Boulangerie&nbsp;&raquo;<\/span><\/a><\/p>\n","protected":false},"author":1,"featured_media":0,"parent":0,"menu_order":0,"comment_status":"closed","ping_status":"closed","template":"","meta":{"footnotes":""},"class_list":["post-280","page","type-page","status-publish","hentry"],"_links":{"self":[{"href":"https:\/\/www.lagrangeajean.fr\/index.php\/wp-json\/wp\/v2\/pages\/280","targetHints":{"allow":["GET"]}}],"collection":[{"href":"https:\/\/www.lagrangeajean.fr\/index.php\/wp-json\/wp\/v2\/pages"}],"about":[{"href":"https:\/\/www.lagrangeajean.fr\/index.php\/wp-json\/wp\/v2\/types\/page"}],"author":[{"embeddable":true,"href":"https:\/\/www.lagrangeajean.fr\/index.php\/wp-json\/wp\/v2\/users\/1"}],"replies":[{"embeddable":true,"href":"https:\/\/www.lagrangeajean.fr\/index.php\/wp-json\/wp\/v2\/comments?post=280"}],"version-history":[{"count":4,"href":"https:\/\/www.lagrangeajean.fr\/index.php\/wp-json\/wp\/v2\/pages\/280\/revisions"}],"predecessor-version":[{"id":474,"href":"https:\/\/www.lagrangeajean.fr\/index.php\/wp-json\/wp\/v2\/pages\/280\/revisions\/474"}],"wp:attachment":[{"href":"https:\/\/www.lagrangeajean.fr\/index.php\/wp-json\/wp\/v2\/media?parent=280"}],"curies":[{"name":"wp","href":"https:\/\/api.w.org\/{rel}","templated":true}]}}